1. Let v(q) = q**2 - 7*q + 7. Suppose -2*r + 3*p - 21 = r, -3*p = -3. Let a be (-4)/(8/r) + 2. Let f be v(a). Determine m(f).
4
Let d = -5 - -7. Let n(p) = 1 - 2*p + d*p + 4*p**3 + p. Let v be n(-1). Let m(r) = -2*r - 4. What is m(v)?
4
Let x(u) = 4*u - 1. Let y be x(1). Suppose 0*d = y*d. Let n(h) = -1 + 3*h**3 + h**2 + d*h**2 + h**2. What is n(-1)?
-2
Let q be (-1)/4 - (-189)/36. Let f = 3 - q. Let x = -1 + f. Let k(y) = y**3 + 2*y**2 - 5*y - 3. Calculate k(x).
3
Let f(z) = -z**2 - 5 + 2*z**2 + 8 - 3*z. Let r(i) = -2*i - 8. Let u be r(-5). Determine f(u).
1
Let o be (-2)/((3 - -1)/4). Let q(l) = -l**2 - l - 1. What is q(o)?
-3
Let x = -14 + 19. Suppose 4*y = 7*y - 9. Let h = x - y. Let f(i) = -i**3 + 3*i**2 - i - 2. Give f(h).
0
Let o(n) = n**2 - 13*n + 13. Let w be o(12). Let i(h) = -h**2 + 1. Calculate i(w).
0
Suppose 0 = -3*u + 4*q - 7, 4*u + 0 = -3*q - 51. Let i be (u/6)/((-9)/(-12)). Let n(p) = -2*p - 3. What is n(i)?
1
Let w = 8 - 13. Let q(m) = -6*m - 9. Let r(n) = 3*n + 4. Let x(j) = -3*q(j) - 5*r(j). Calculate x(w).
-8
Let f(o) = o**3 + 4*o**2 - 4*o + 7. Let a = -55 + 50. Calculate f(a).
2
Let i(n) be the third derivative of n**5/60 + n**4/24 + n**3/6 - 25*n**2. Give i(-5).
21
Let g(c) be the third derivative of c**4/8 - 4*c**2. Suppose 2*p - 4*p - 2 = 0. Let b be g(p). Let i(a) = a**3 + a**2 - 3*a + 3. Determine i(b).
-6
Let s(d) be the third derivative of 1/12*d**4 + 0*d - 2*d**2 + 0 - 1/2*d**3. Calculate s(4).
5
Let m = 8 - 6. Let z(t) = 13*t**3 + 12*t**2 - 4*t + 3. Let g(q) = 11*q**3 + 10*q**2 - 3*q + 2. Let f(v) = 6*g(v) - 5*z(v). What is f(m)?
9
Let n(d) = 2*d - 1 + d**3 - 2*d**2 + 0*d**3 + 7*d**2 - d**2. Let r be n(-2). Let f be -1 - (-2 - 3/r). Let a(l) = 3*l + 2. What is a(f)?
8
Suppose 3*z + 5 = -7. Let x(b) = b. Let i(a) = 5*a - 6. Let r(p) = i(p) - 6*x(p). Give r(z).
-2
Let w = 7 - -3. Suppose -w = v + 4*v. Let m(y) = -2*y**2 + 2. Give m(v).
-6
Let d(u) = -3*u + 9 - 9*u**3 + 16*u**3 - 4 + 4*u**2 - 8*u**3. Give d(4).
-7
Let y(o) be the second derivative of o**4/12 + o**3/2 - o**2/2 - 9*o. Give y(-3).
-1
Let c be 10/6 + (-14)/(-42). Suppose -k - 5*i = -19, c*k - 14 = -3*k + 2*i. Let m(g) = g - 2. What is m(k)?
2
Let t(u) = u + 2. Let w(o) = -o + 6. Let i be w(8). Calculate t(i).
0
Let t(m) = m**2 + 2*m - 5. Let f be t(-4). Let j(d) = -2*d**2 - 2*d - 2*d**2 + f*d**2 - 1. Let x(k) = k**3 - 8*k**2 + 9*k + 14. Let g be x(6). Give j(g).
-9
Let k(x) = x**3 + 7*x**2 + 3. Let t(c) = c**3 + 6*c**2 + 3. Let i(s) = -6*k(s) + 7*t(s). What is i(0)?
3
Let o be (-2 - 0)*(-1)/2. Let y(u) = 8 - 4 - u + o - u. Calculate y(5).
-5
Let b = -7 + 9. Let i(a) = 8*a**3 - 3 - b - a**2 + 5. What is i(1)?
7
Let j(w) be the first derivative of 1 + 2/3*w**3 - 1/120*w**6 + 0*w**2 - 1/60*w**5 + 1/24*w**4 + 0*w. Let a(t) be the third derivative of j(t). What is a(-2)?
-7
Let l(j) be the third derivative of -j**6/40 + j**5/60 + j**4/24 + 38*j**2. What is l(-1)?
3
Let j = 6 - 6. Suppose 6 = -3*q - j. Let z(y) = -y**2 - 3*y - 2. Give z(q).
0
Let s(x) = 2*x + x**3 + 4*x**2 - 18 - 21 + 42. Calculate s(-3).
6
Suppose -5*d + 3 = -0*d + 3*x, -2*d = 5*x + 14. Let v(h) = -h - d*h - h. Calculate v(-2).
10
Let y(d) = 3*d - 1. Let b(k) = 5*k**3 - 1. Let l be b(-1). Let j be 9/(-6)*l/9. Give y(j).
2
Let m(p) be the third derivative of -p**7/5040 + p**6/240 + p**5/30 - p**2. Let g(j) be the third derivative of m(j). Let z be (20/8 - 1)*2. Give g(z).
0
Suppose -2*o + 0*o = 6. Let r(b) = -b**3 - 2*b**2 + 3*b + 1. Determine r(o).
1
Let x = 52 - 54. Let a(o) = 2*o. Determine a(x).
-4
Let y be -3*2/(-9)*3. Suppose -5*w + 3 + y = 0. Let q(k) = -w - k**2 + 2*k**2 - 3. Calculate q(3).
5
Let s(h) = h - h**3 - 5 + 3*h - 3*h**2 + 5. What is s(-3)?
-12
Suppose -b + 6 = 1. Let d(j) = j**2 - 5*j - 3. What is d(b)?
-3
Let h be 3 + (-1)/((-3)/(-18)). Let p = -6 - h. Let q(m) be the second derivative of -m**4/12 - m**3/3 - m**2/2 - m. Give q(p).
-4
Let n(r) = r**3 + 6*r**2 + 5*r. Suppose 2*a + 22 = 3*a. Suppose 5*f + a = 3*p, 0 = 5*f - 5*p + 3*p + 23. Determine n(f).
0
Suppose -n = -6*n + 3*s - 38, 3*s + 4 = -n. Let k = n + 6. Let b(d) = -5*d**3 - d**2 - d - 1. Give b(k).
4
Let m(q) be the first derivative of -q**4/4 - 2*q**3 - q**2/2 - 4*q - 6. What is m(-6)?
2
Let l(g) be the second derivative of g**6/120 - g**5/15 - g**4/4 + 5*g**3/6 + g**2 + 5*g. Let r(t) be the first derivative of l(t). Calculate r(5).
0
Let q(c) = -c + 4. Let w be 3*-3*(-3)/9. Let r(b) = -3*b + 9. Let v(f) = w*r(f) - 7*q(f). What is v(-5)?
9
Suppose -2*n + 10 = 0, -4*p + 2*n - 4*n = 6. Let o(c) = -11*c**2 - 3*c + 2. Let d(t) = -5*t**2 - 2*t + 1. Let y(k) = p*o(k) + 9*d(k). Give y(-5).
6
Let f(l) = l**3 - 5*l**2 + l - 1. Let g be f(5). Suppose -8 = -g*z + 12. Let t(p) be the first derivative of p**2/2 - 2*p + 1. What is t(z)?
3
Suppose 0*c = -3*c + 3. Suppose -c - 5 = -2*w. Let a(b) = b**2 - 2*b - 2. Determine a(w).
1
Let j(q) be the second derivative of q**3/3 + q**2/2 - q. Calculate j(-1).
-1
Let x be 1*(-1 + 0/(-1)). Let u(i) = -3*i - 1. Let s be u(x). Let w(l) = l**2 + 3*l - 1. Let c(b) = b**2 + 2*b - 1. Let y(d) = 6*c(d) - 5*w(d). What is y(s)?
-3
Let z(n) = n - 6. Let a(v) = -5*v + 10 - 1 + 22. Let o be (-44)/6*(-3)/(-2). Let r(m) = o*z(m) - 2*a(m). What is r(0)?
4
Let h(q) = 5 - 3*q**2 - 1 - 8 + q**3 + 2*q**2. Calculate h(3).
14
Let i(y) = 29 + 29 + y - 90 + 31 - y**2. What is i(1)?
-1
Suppose -7*j + 34 = -5*j. Let c(b) = 15 - b**2 - j + 0*b**3 - b + b**3. Calculate c(2).
0
Let s(o) be the second derivative of -o**3/6 + 7*o**2/2 + 28*o. Determine s(5).
2
Let z(r) = 2*r**3 + 14*r**2 - 5. Let k be z(-7). Let v(u) = 3*u + 7. Calculate v(k).
-8
Let c(j) = -3*j - 3. Let x be c(-1). Let m(q) = q**3 + q**2 - q + 29. What is m(x)?
29
Let o(k) be the first derivative of 9*k**4/4 - 2*k**3/3 + k**2/2 + 21. Let d(n) = -n + 10. Let m be d(7). Suppose -y + m = 2*y. Calculate o(y).
8
Let q(x) = x**3 - 5*x**2 - 6. Suppose -25 = -5*u - 3*g, 2*u - 4*u + 10 = 5*g. Determine q(u).
-6
Suppose 5*z + 3 + 2 = 0. Let h = 1 + z. Suppose h = 5*f - 2*f + 12. Let b(r) = r**2 + 5*r - 2. Calculate b(f).
-6
Let v(y) = -9 - 2*y + 3 + 0*y. Give v(-5).
4
Let t(c) be the first derivative of c**2/2 + 3*c - 19. Give t(-4).
-1
Let b(c) = c**3 + 4*c**2 - 8*c - 3. Let a be -3 + 0 + -1 + -1. Give b(a).
12
Let n(u) = 6*u - 1. Let k(l) = 18*l - 3. Let o(r) = -6*k(r) + 17*n(r). What is o(-2)?
13
Let z(c) = c**2 + 5*c + 3. Let g = 23 + -26. What is z(g)?
-3
Let u(d) = -d**3 - d**2 - d - 1. Let w be u(-1). Suppose -5 + 13 = 4*k. Let t(h) = h + w*h + h + k. Determine t(-3).
-4
Suppose 0 = -0*t + 6*t. Suppose 0 = -t*b + 4*b + 12. Let x(w) = -w. Let l(r) = r**2 + 5*r. Let c(v) = l(v) + 3*x(v). Determine c(b).
3
Let j(b) be the second derivative of b**7/2520 + b**6/240 - b**5/120 + b**4/3 + 4*b. Let k(w) be the third derivative of j(w). What is k(-5)?
9
Let i(m) be the third derivative of m**8/6720 - m**7/504 + m**6/240 - m**5/120 - m**4/6 - 3*m**2. Let s(g) be the second derivative of i(g). Determine s(3).
-10
Let v(a) be the first derivative of 0*a + 0*a**2 + a**3 + 1/360*a**6 + 7/120*a**5 + 1/12*a**4 + 1. Let f(h) be the third derivative of v(h). What is f(-5)?
-8
Suppose 0*b + 24 = 4*b. Let i(p) = -p**3 + 8*p**2 - 2*p. Let x(u) = -2*u**3 + 17*u**2 - 5*u - 1. Let j(t) = -5*i(t) + 2*x(t). Give j(b).
-2
Let b(s) = -3*s**3 - 14 - 7*s + 12*s + 19 - 3*s**2 + 2*s**3. Let f(o) = -1 + 0 - o**2 - 6*o + 4*o. Let n be f(-3). Determine b(n).
1
Let d(b) be the third derivative of 0*b - 5/24*b**4 + 0 + 1/60*b**5 - 2/3*b**3 - 4*b**2. Determine d(5).
-4
Let u be 84/9 + (-1)/3. Let r(c) = -3*c**2 + 2*c + c**3 - u*c + 0*c**2 + 6. Suppose -27 = -3*z - 15. Calculate r(z).
-6
Suppose 3*d + 5 = -3*n - 1, -2*n - 4 = -3*d. Let b(v) = 2*v**2 + 2*v - 4. Let x(h) = -h**2 - h + 2. Let u(i) = -3*b(i) - 5*x(i). Determine u(n).
0
Let l(h) = h - 2*h + h**3 - 2 + 0*h - 2*h**2. Let w be l(3). Let q be (-6)/w - (-3)/6. Let u(a) = -6*a - 1. What is u(q)?
5
Let b(i) = 5*i - 17 + 13 + 2*i**2 - 4*i**2. Suppose -5*y + 0*k = -2*k - 7, y = -3*k + 15. Determine b(y).
-7
Let j(z) = -z**3 + 6*z**2 + 6*z + 4. Suppose 0 = 3*r + 3*s - 33, -r - 2*r + 1 = -5*s. Calculate j(r).
-3
Let b(z) = 0*z**2 + 3 - 11 + z**2 - 3*z + 3. Let i(h) = 5*h - 1. Let y be i(1). Suppose -y*j + 3*j + 5 = 0. Determine b(j